?
-14
Let d(w) = 21*w**2 - 2218*w + 1357. Give d(105).
-8
Let s(z) = 2*z**3 + 2*z + 95. Determine s(0).
95
Let k(g) = -19*g - 500. Calculate k(-27).
13
Let a(w) = -3*w**2 - 8*w + 71. Give a(13).
-540
Let s(b) = b + 171. Calculate s(0).
171
Let r(v) = 156*v + 9043. Determine r(-58).
-5
Let w(u) = 25*u**3 - 6*u**2 + 20*u + 66. Give w(-2).
-198
Let r(c) = -169*c + 850. What is r(5)?
5
Let o(p) = -2*p**2 + 180*p + 955. Give o(-5).
5
Let s(o) = 10*o + 21. What is s(0)?
21
Let n(u) = 4*u**2 + 36*u - 221. Calculate n(-13).
-13
Let t(p) = p**3 - 27*p**2 + 46*p + 14. Calculate t(25).
-86
Let b(w) = -151*w**2 + 237*w - 7. What is b(4)?
-1475
Let f(p) = 74*p + 1271. What is f(-13)?
309
Let f(g) = g**3 + 31*g**2 - 20*g - 753. Give f(-31).
-133
Let n(i) = i**2 - 548*i - 7314. Calculate n(-13).
-21
Let u(c) = -12*c - 3. Calculate u(0).
-3
Let u(l) = -1177*l - 1136. What is u(-1)?
41
Let w(y) = 127*y**3 - 5*y**2 + y + 3. Calculate w(1).
126
Let t(v) = -6*v - 6. What is t(-2)?
6
Let g(u) = -u**2 - 43*u + 810. Give g(14).
12
Let f(x) = -3*x**2 - 32*x + 124. Determine f(-13).
33
Let d(u) = 19*u**2 - 50*u + 36. What is d(1)?
5
Let k(x) = 3*x**2 - 4052*x - 20329. Determine k(-5).
6
Let s(t) = t**3 - 43*t**2 - 93*t + 133. Calculate s(45).
-2
Let y(a) = 4*a**3 + 4*a - 6. Calculate y(2).
34
Let j(s) = s**3 + 3*s**2 - 171*s + 419. What is j(10)?
9
Let x(p) = 47*p - 1088. Determine x(23).
-7
Let r(b) = 3*b**3 + 128*b**2 + 89*b + 75. What is r(-42)?
-135
Let f(u) = -3*u**2 - 27*u + 6. What is f(0)?
6
Let j(s) = -583*s + 183069. Give j(314).
7
Let a(t) = -t**2 + 238*t + 5146. Calculate a(-20).
-14
Let x(u) = -19*u**2 + 706*u + 28. Determine x(37).
139
Let j(u) = -8*u + 746. Calculate j(93).
2
Let c(x) = 2*x**3 - 121*x**2 + 927*x + 20. What is c(9)?
20
Let m(u) = u**2 + 2*u - 46. Give m(-9).
17
Let s(z) = 193*z**2 + 89*z - 90. What is s(1)?
192
Let b(m) = -m**3 + 9*m**2 - 8*m + 48. What is b(8)?
48
Let v(l) = l**3 - 31*l**2 - 103*l + 82. Determine v(34).
48
Let i(f) = -58*f + 714. Calculate i(7).
308
Let w(x) = 68*x**2 + 7*x - 9. What is w(1)?
66
Let d(f) = -142*f + 2548. What is d(18)?
-8
Let i(l) = -1542*l - 20127. What is i(-13)?
-81
Let i(f) = f**3 - 18*f**2 + 63*f + 21. Calculate i(13).
-5
Let q(v) = -v**2 - 23*v + 236. Give q(8).
-12
Let a(m) = m**3 + 32*m**2 - 99*m - 1053. Determine a(-34).
1
Let z(t) = -43*t + 452. Calculate z(14).
-150
Let h(g) = 2*g**2 - 247*g + 2175. Calculate h(114).
9
Let y(n) = 3*n**2 - 50*n - 28. Determine y(16).
-60
Let n(d) = d**2 - 43*d + 163. What is n(40)?
43
Let j(p) = 93*p**2 - 4005*p + 257. What is j(43)?
-1
Let w(j) = j**3 + 5*j**2 - 43*j + 46. Determine w(-10).
-24
Let i(u) = -3560*u - 24916. Determine i(-7).
4
Let b(z) = -7468*z - 231510. Give b(-31).
-2
Let k(t) = 2*t**2 + 38*t - 254. Determine k(-24).
-14
Let i(d) = -140*d**2 - 3919*d. Calculate i(-28).
-28
Let z(v) = -3*v**2 + 258*v - 750. Give z(3).
-3
Let w(r) = 2129*r - 2135. Calculate w(1).
-6
Let d(w) = 6*w**2 - 236*w + 94. Give d(39).
16
Let p(g) = -g**2 - 1136*g - 2270. What is p(-2)?
-2
Let a(y) = -2*y**2 + 21*y + 519. Calculate a(-11).
46
Let s(t) = -34*t + 2306. Determine s(56).
402
Let r(w) = -w**3 - 3*w**2 + 62*w + 239. Calculate r(-7).
1
Let g(z) = 34*z - 702. What is g(27)?
216
Let a(j) = 298*j**2 - 1205*j + 26. Determine a(4).
-26
Let l(x) = 10*x**2 + 234*x - 15. Give l(-24).
129
Let d(x) = x**2 - 8*x - 28. Determine d(-6).
56
Let o(k) = -14*k**2 + 4*k + 58. Give o(-3).
-80
Let r(s) = s**2 - 21*s - 228. Calculate r(29).
4
Let r(k) = 79*k**3 + 33*k**2 + 36*k + 4. What is r(-1)?
-78
Let c(w) = -5*w**2 - 13*w - 51. Determine c(-8).
-267
Let p(j) = j**2 - 25*j + 361. Calculate p(22).
295
Let t(y) = -7*y**3 + 10*y**2 + y - 1. Determine t(4).
-285
Let p(h) = -h**3 - 21*h**2 - 8*h + 90. Give p(-21).
258
Let l(h) = 371*h + 1879. Calculate l(-5).
24
Let s(m) = -499*m - 7942. Calculate s(-16).
42
Let v(b) = b**3 + 2*b**2 - 57*b - 205. Calculate v(-4).
-9
Let k(u) = 5*u**2 - u - 50. Give k(-6).
136
Let o(f) = -383*f + 42906. Determine o(112).
10
Let m(a) = -2*a**2 + 81*a - 89. Calculate m(39).
28
Let c(v) = 115*v - 721. What is c(5)?
-146
Let t(j) = j**3 + 17*j**2 - 58*j + 36. What is t(-20)?
-4
Let r(t) = -6*t - 287. What is r(-17)?
-185
Let l(f) = 2*f**2 + 37*f + 53. Calculate l(-15).
-52
Let u(p) = -182*p - 1858. Calculate u(-10).
-38
Let d(h) = h**3 - 97*h**2 - 2*h + 130. What is d(97)?
-64
Let i(d) = -d**3 - 2*d**2 + 8*d + 183. Calculate i(0).
183
Let f(b) = 20*b**2 - 28*b - 28. Give f(-1).
20
Let a(i) = -9*i - 2. What is a(9)?
-83
Let f(t) = 2*t**3 - 5*t**2 - 7*t + 12. Determine f(3).
0
Let g(p) = -22*p - 1701. Calculate g(-77).
-7
Let r(j) = 105*j - 902. Give r(8).
-62
Let n(q) = -5*q**2 + 99*q - 110. Give n(19).
-34
Let z(y) = 9*y**2 - 17*y - 40. Calculate z(-2).
30
Let u(i) = -360*i - 1439. What is u(-4)?
1
Let p(f) = 428*f + 403. Give p(-1).
-25
Let h(f) = -f**3 + 12*f**2 + 64*f + 1. What is h(16)?
1
Let u(a) = 2*a + 105. What is u(21)?
147
Let p(k) = k**2 + 203*k - 7783. What is p(33)?
5
Let q(p) = -23*p**3 + 6*p**2 + p + 5. Calculate q(-2).
211
Let d(y) = y**3 - y**2 + 4*y + 84. Determine d(-4).
-12
Let d(w) = 8693*w - 26072. Determine d(3).
7
Let p(y) = -3*y**2 + 44*y + 24. Give p(12).
120
Let p(t) = 2*t**3 - 486*t**2 + 10513*t - 215. What is p(219)?
4
Let y(z) = 3*z**2 - 363*z + 730. Give y(2).
16
Let t(c) = -3*c**2 - 21*c - 13. Calculate t(-5).
17
Let m(k) = k**2 + 129*k + 2658. What is m(-103)?
-20
Let h(y) = -93*y - 9163. Determine h(-99).
44
Let r(n) = n**2 - 1240*n - 7471. What is r(-6)?
5
Let d(y) = -55*y + 1091. Give d(20).
-9
Let v(z) = -219*z + 6291. Determine v(29).
-60
Let y(m) = 41*m + 1. Determine y(-2).
-81
Let s(k) = 132*k + 8724. Determine s(-66).
12
Let h(k) = 6*k**3 - 2*k**2 + 60*k - 119. What is h(2)?
41
Let o(b) = -84*b + 5. Give o(1).
-79
Let g(t) = 31*t - 304. Calculate g(9).
-25
Let f(w) = -5*w**2 + 18*w + 19. What is f(9)?
-224
Let u(h) = 16*h**3 - 33*h**2 - 45*h - 6. Determine u(-1).
-10
Let h(s) = -2*s**2 - 487*s - 6641. What is h(-229)?
0
Let p(v) = 23*v**2 - 17*v + 15. Calculate p(1).
21
Let t(b) = -2396*b - 42. Determine t(0).
-42
Let b(l) = -16*l**3 - 147*l**2 - 155*l - 9. Calculate b(-1).
15
Let a(h) = -188*h**2. Determine a(1).
-188
Let s(p) = -2*p**2 + 116*p - 1219. What is s(44)?
13
Let l(x) = -x**3 + 17*x**2 + 27*x - 145. Determine l(18).
17
Let s(q) = -5*q**2 - 7*q - 7. Calculate s(-6).
-145
Let j(x) = -2*x**3 - 114*x**2 + 14*x + 792. What is j(-57)?
-6
Let g(m) = m**3 - 19*m**2 + 20*m - 34. Determine g(18).
2
Let v(q) = -53*q - 283. What is v(0)?
-283
Let k(c) = 8*c**2 - 79*c + 5. Calculate k(-2).
195
Let r(t) = -929*t + 71539. Determine r(77).
6
Let z(o) = o**2 - 5*o - 9. Determine z(-4).
27
Let r(x) = -x**2 + 15*x + 30. What is r(18)?
-24
Let b(v) = 45*v + 173. What is b(-8)?
-187
Let h(g) = 4*g**2 + 42*g - 333. Determine h(5).
-23
Let n(q) = -5*q**3 + 6*q**2 - 6*q + 11. Calculate n(5).
-494
Let t(p) = 2*p**3 - 14*p**2 + 15*p - 23. What is t(5)?
-48
Let o(i) = i**3 + 69*i**2 + 131*i - 276. Calculate o(-67).
-75
Let w(m) = -1738*m + 59086. Give w(34).
-6
Let n(c) = -46*c + 699. Give n(14).
55
Let z(b) = b**3 - 26*b**2 + 36*b - 68. Give z(25).
207
Let r(u) = 11*u**2 + 2*u + 20. Give r(3).
125
Let y(c) = c**3 + 19*c**2 + 27*c - 104. What is y(-17)?
15
Let r(t) = 2*t**3 + 8*t**2 - 13*t + 14. Give r(-7).
-189
Let y(t) = -12*t**3 + 771*t**2 - 195*t + 190. Calculate y(64).
-2
Let r(d) = -73*d - 533. Determine r(-5).
-168
Let x(z) = 100*z + 11821. What is x(-118)?
21
Let a(h) = -h**3 + 22*h**2 + 133*h - 20. What is a(-5)?
-10
Let b(z) = -z**2 - 8015*z - 279296. Determine b(-35).
4
Let w(v) = 12*v**2 + 179*v - 10. Determine w(-15).
5
Let d(s) = s**3 + 8*s**2 + 2*s - 31. Determine d(-7).
4
Let i(q) = 9*q - 675. Determine i(79).
36
Let r(m) = -37*m - 107. What is r(-6)?
115
Let n(b) = 1277*b + 11486. Calculate n(-9).
-7
Let i(w) = 26*w**2 - 10*w - 2. What is i(-1)?
34
Let t(p) = 41*p**2 - 4*p - 1. Calculate t(2).
155
Let d(a) = 214*a - 3120. Determine d(12).
-552
Let g(q) = -159*q + 3979. What is g(25)?
4
Let y(h) = -307*h + 816. What is y(3)?
-105
Let l(g) = g**3 + g**2 - 352*g + 164. Give l(18).
-16
Let t(a) = 282*a - 292. Determine t(1).
-10
Let i(l) = -l**2 - 981*l - 6821. Give i(-7).
-3
Let w(g) = -g**3 + 28*g**2 - 69*g 